ermine q(-6).
17
Let x(i) = -i**2 - 22*i + 2. Determine x(-22).
2
Let k(c) = c + 5. Calculate k(-4).
1
Let n(w) = 13*w - 2. Give n(-1).
-15
Let l(q) = -2*q**3 - 7*q - 10. Determine l(-3).
65
Let j(c) = c**2 + 11*c + 4. Determine j(-8).
-20
Let i(n) = 2*n**3 - 3*n**2 - 5*n + 2. Calculate i(3).
14
Let z(v) = -2*v**2 - 3. Determine z(4).
-35
Let k(o) = -37*o**2 - o - 1. Calculate k(-1).
-37
Let s(i) = 2*i**3 - 12*i**2 + 2*i - 8. Give s(6).
4
Let i(m) = m**2 + 2*m + 1. Give i(-1).
0
Let c(s) = 10*s**2 - 2*s. What is c(1)?
8
Let r(x) = -27*x - 7. Give r(-1).
20
Let z(o) = -2*o**3 + o**2 - 2*o + 9. Determine z(2).
-7
Let f(l) = 2*l**3 - 20*l**2 - l + 16. Calculate f(10).
6
Let j(b) = -b**2 - 15*b + 84. Calculate j(-22).
-70
Let y(c) = -c**2 - 2*c + 18. What is y(-5)?
3
Let u(m) = -3*m**3 - 2*m**2 - m + 1. Calculate u(-2).
19
Let n(y) = y**3 - 62*y**2 + y - 80. What is n(62)?
-18
Let k(u) = 2*u**2 - u - 2. Give k(3).
13
Let s(u) = 8*u + 18. Determine s(-3).
-6
Let b(k) = k**3 + 6*k**2 - 3. Calculate b(-6).
-3
Let p(h) = -31*h**3 + 4*h**2 + 2*h - 2. Give p(2).
-230
Let j(a) = a**3 + 6*a**2 + 3*a - 10. Give j(-3).
8
Let c(l) = l + 3. What is c(4)?
7
Let b(j) = 3*j + 21. Determine b(-10).
-9
Let a(q) = -2*q**2 + 26*q - 10. Determine a(13).
-10
Let l(w) = -w**3 + w - 7. What is l(0)?
-7
Let w(s) = s**2 - 12*s + 22. What is w(7)?
-13
Let a(q) = 6*q - 41. Give a(11).
25
Let o(u) = -8*u**3 + 3*u**2 - 2*u + 1. Give o(-2).
81
Let a(s) = -s**2 - 2*s + 11. Calculate a(-5).
-4
Let s(z) = z - 4. What is s(0)?
-4
Let h(g) = 2*g**3 + 2*g**2 - 7*g - 7. Give h(-2).
-1
Let y(j) = j**3 - 19*j**2 - 19*j - 19. Determine y(20).
1
Let y(r) = 4*r + 11. Calculate y(-9).
-25
Let z(m) = -8*m + 58. Give z(8).
-6
Let r(i) = i**3 + i**2 + i + 7. Determine r(-3).
-14
Let j(i) = 3*i - 57. Determine j(5).
-42
Let f(s) = s**3 + 14*s**2 + 4*s - 7. Determine f(-12).
233
Let m(x) = x - 12. What is m(-13)?
-25
Let v(h) = 92*h - 5. What is v(-2)?
-189
Let l(q) = 2*q**2 - 8*q + 12. What is l(2)?
4
Let z(p) = -p**2 + 13*p + 29. What is z(15)?
-1
Let l(u) = -u**2 + 5*u - 7. Calculate l(3).
-1
Let c(l) = 31*l**3 - l**2 + l + 2. Give c(-1).
-31
Let a(d) = 2*d**3 - 39*d**2 - 21*d + 15. Calculate a(20).
-5
Let v(f) = -53*f - 95. Calculate v(-2).
11
Let k(j) = -j**3 + 19*j**2 - 33*j - 10. Give k(17).
7
Let o(j) = -18*j - 2. What is o(-3)?
52
Let x(i) = -i**3 - 8*i**2 + 4*i - 5. Calculate x(-8).
-37
Let z(a) = a**3 + 59*a**2 - 60*a - 4. Determine z(-60).
-4
Let g(f) = -f**2 + 13*f + 3. What is g(0)?
3
Let o(b) = 3*b**2 - 20*b - 35. Calculate o(8).
-3
Let v(i) = i**2 + 3*i - 1. Calculate v(-7).
27
Let s(j) = j**3 + 14*j**2 - 12*j + 42. Determine s(-15).
-3
Let b(s) = -s**3 - 4*s**2 - 3*s + 1. Determine b(-3).
1
Let w(t) = t - 2. Determine w(-2).
-4
Let x(j) = -j**3 + 18*j**2 + 3*j - 41. Give x(18).
13
Let i(w) = w**3 - 5*w**2 - 20*w + 79. Determine i(3).
1
Let t(r) = -2*r**2 - 10*r + 9. Determine t(-6).
-3
Let x(y) = y**2 + 9*y + 3. Determine x(-8).
-5
Let y(t) = -t**3 + 10*t + 8. Calculate y(5).
-67
Let u(f) = -f**3 + 5*f**2 - 6*f + 2. Give u(4).
-6
Let b(g) = g**3 - 4*g**2 - 2*g + 3. What is b(1)?
-2
Let d(y) = -y**2 + 15*y + 7. What is d(13)?
33
Let k(m) = 8*m**2 + 3*m + 1. Determine k(-3).
64
Let y(m) = m**2 - 16*m + 28. Give y(2).
0
Let n(c) = 2*c**2 + 56*c + 200. What is n(-24)?
8
Let j(p) = -p**3 - 13*p**2 - 14*p - 23. Give j(-12).
1
Let p(l) = 13*l + 4. Determine p(3).
43
Let f(l) = -l**2 + 5*l + 22. Give f(9).
-14
Let v(u) = -5*u - 76. Calculate v(-16).
4
Let m(d) = d**3 - 13*d**2 + 11*d + 6. Calculate m(12).
-6
Let v(x) = 4*x + 3. Give v(-1).
-1
Let m(f) = f**3 + 17*f**2 - 16*f + 31. Calculate m(-18).
-5
Let d(f) = f**2 - 10*f - 234. Determine d(-11).
-3
Let t(h) = 2*h**2 + 91*h - 148. Determine t(-47).
-7
Let t(y) = y - 3. Give t(6).
3
Let a(h) = 2*h**2 + 39*h - 3. Calculate a(-19).
-22
Let q(y) = -y**3 - 5*y**2 - 3*y + 1. Give q(-3).
-8
Let z(v) = -2*v**2 + 4*v + 1. Determine z(4).
-15
Let o(l) = l**3 + 2*l**2 + 2*l - 3. Determine o(-2).
-7
Let l(f) = f**2 + 8*f + 4. Give l(-6).
-8
Let l(m) = -m**2 - 3*m - 8. Determine l(-4).
-12
Let i(x) = x**2 - 5*x - 6. What is i(-2)?
8
Let s(b) = b**3 + 4*b**2 - 11*b - 52. Determine s(-3).
-10
Let d(w) = w**2 - 10*w + 4. What is d(8)?
-12
Let x(p) = 6*p**2 - p. Give x(-1).
7
Let w(s) = -2*s**3 + 31*s**2 + 18*s - 21. Calculate w(16).
11
Let i(o) = -o**2 + o + 1. What is i(3)?
-5
Let l(f) = f**3 - 36*f**2 + 68*f + 9. Determine l(34).
9
Let y(g) = -g**3 + 10*g**2 - 8*g - 13. Calculate y(9).
-4
Let w(s) = 24*s - 1008. Calculate w(42).
0
Let x(k) = 2*k - 12. Determine x(-8).
-28
Let j(l) = -3*l - 45. Determine j(19).
-102
Let p(t) = t**2 + 6*t - 6. What is p(-4)?
-14
Let h(z) = -8*z**2 + 45*z - 1. What is h(5)?
24
Let w(i) = -i**3 - 17*i**2 - 5*i + 21. Determine w(-16).
-155
Let a(b) = -8*b - 25. Give a(-11).
63
Let y(s) = 2*s**3 - 3*s**2 - 4*s + 2. What is y(-2)?
-18
Let q(g) = -g**3 - 10*g**2 - 9*g + 5. Give q(-9).
5
Let k(b) = b**3 + 8*b**2 + 10*b + 4. Determine k(-7).
-17
Let n(j) = j**2 + 2*j + 4. Determine n(-4).
12
Let a(p) = 41*p**2 + p + 1. Determine a(-1).
41
Let z(p) = -p**3 - p**2 + 7. Determine z(-3).
25
Let m(u) = -14*u**2 - 48*u - 47. Calculate m(-1).
-13
Let m(k) = k**3 - 9*k**2 + 3*k - 7. Give m(9).
20
Let o(c) = -c**3 - 9*c**2 + 6*c + 8. Give o(-8).
-104
Let c(b) = 2*b**3 + 20*b**2 + 20*b + 24. Determine c(-9).
6
Let l(z) = -10*z + 118. Give l(10).
18
Let p(z) = -z**2 + 6*z - 6. Give p(4).
2
Let f(k) = -k**3 - 11*k**2 + 10*k - 25. Calculate f(-12).
-1
Let a(d) = -5*d - 4. What is a(4)?
-24
Let v(x) = 10*x + 143. Determine v(-14).
3
Let d(y) = -38*y + 1. Determine d(1).
-37
Let t(r) = r**2 - 6*r + 3. What is t(7)?
10
Let x(o) = -o**3 - 29*o**2 - 26*o + 51. Determine x(-28).
-5
Let k(f) = f**2 - 4*f - 32. Give k(-5).
13
Let i(z) = 3*z + 25. Give i(-9).
-2
Let l(m) = -19*m**2 + 3*m + 1. Determine l(-1).
-21
Let k(f) = 5*f. What is k(-7)?
-35
Let s(p) = -12*p + 2. What is s(-1)?
14
Let w(q) = q**2 + 15*q + 13. Give w(-14).
-1
Let s(d) = -d**3 + 2*d**2 - 2*d + 12. What is s(0)?
12
Let n(c) = -2*c + 5. Give n(8).
-11
Let v(x) = x**3 + 20*x**2 + 2*x + 36. Calculate v(-20).
-4
Let s(b) = b**3 + 9*b**2 - b - 5. Calculate s(-3).
52
Let d(f) = 2*f**3 - 19*f**2 + 13*f - 36. What is d(9)?
0
Let r(m) = m**3 + 2*m**2 + 2*m - 1. Calculate r(-3).
-16
Let x(g) = 54*g**3 + 3*g**2 - g - 3. What is x(-1)?
-53
Let k(b) = -4*b + 1. What is k(1)?
-3
Let j(y) = -y**2 - 18*y + 143. Determine j(6).
-1
Let t(k) = 2*k**2 + 3*k - 5. Determine t(2).
9
Let f(o) = 17*o**3 + o**2 - o + 1. Give f(1).
18
Let t(o) = o**3 - o**2 - o + 1. Give t(3).
16
Let q(i) = 7*i. What is q(2)?
14
Let a(r) = 46*r - 4. Determine a(-2).
-96
Let v(a) = -2*a**3 + 23*a**2 + 12*a - 4. Calculate v(12).
-4
Let t(w) = -w**3 + 7*w**2 + 19*w - 9. Determine t(9).
0
Let z(r) = r**2 + 11*r - 14. Give z(-7).
-42
Let n(l) = 23*l + 157. Determine n(-9).
-50
Let h(f) = -14*f**2 - 41*f - 3. Determine h(-3).
-6
Let x(t) = 5*t - 9. What is x(5)?
16
Let p(w) = -w**3 + 7*w**2 + 4*w + 8. Calculate p(8).
-24
Let g(q) = -q**3 - q**2 + 2*q + 4. What is g(-2)?
4
Let p(g) = 29*g**3 + g - 1. Give p(1).
29
Let t(n) = 35*n - 802. Give t(23).
3
Let v(s) = s**3 - 5*s**2 - 33*s + 68. Determine v(8).
-4
Let p(r) = -5*r**2 + 38*r + 6. Determine p(8).
-10
Let o(b) = -b**2 - 55*b - 263. What is o(-50)?
-13
Let o(g) = 12*g + 43. Determine o(-3).
7
Let x(d) = d**3 - d**2 + 45. Give x(0).
45
Let r(d) = d**2 + 4*d + 8. What is r(7)?
85
Let c(d) = -2*d + 6. Calculate c(3).
0
Let b(n) = -n**2 - 13*n - 7. Determine b(-12).
5
Let s(d) = 4*d**3 - 3*d**2 + 5*d - 1. What is s(2)?
29
Let g(o) = o**2 - 16*o - 11. Determine g(16).
-11
Let n(k) = 24*k**2 + 9*k + 2. Give n(-1).
17
Let r(g) = g**3 + 26*g**2 - 26*g + 30. Calculate r(-27).
3
Let w(x) = -13*x**2 - 159*x - 31. Give w(-12).
5
Let b(a) = -12*a - 37. What is b(-3)?
-1
Let i(g) = g**3 - 2*g**2 + 1. What is i(-1)?
-2
Let t(g) = -g**3 - 16*g**2 + 13*g - 48. Calculate t(-17).
20
Let q(j) = j**2 + 31*j + 243. What is q(-15)?
3
Let l(i) = 2*i**2 + 2*i - 2. What is l(-3)?
10
Let y(n) = -3*n - 68. Determine y(-21).
-5
Let t(d) = -d**3 - 8*d**2 - 7*d - 15. Give t(-7).
-15
Let y(l) = -2*l**2 + 37*l + 13. Give y(19).
-6
Let z(p) = -p**2 - 7*p + 2. Calculate z(-5).
12
Let r(b) = 6*b + 78. 